{"id":182,"date":"2022-07-16T13:48:35","date_gmt":"2022-07-16T13:48:35","guid":{"rendered":"https:\/\/reckdh.ch\/?page_id=182"},"modified":"2026-05-11T09:06:36","modified_gmt":"2026-05-11T09:06:36","slug":"verein","status":"publish","type":"page","link":"https:\/\/seniorenverein-schwarzenberg.ch\/index.php\/verein\/","title":{"rendered":"Verein"},"content":{"rendered":"<p><img loading=\"lazy\" decoding=\"async\" class=\"alignnone wp-image-461 size-medium\" src=\"https:\/\/seniorenverein-schwarzenberg.ch\/wp-content\/uploads\/2022\/12\/Emmerberg2021-1-scaled-e1669911062746-300x169.jpg\" alt=\"\" width=\"300\" height=\"169\" srcset=\"https:\/\/seniorenverein-schwarzenberg.ch\/wp-content\/uploads\/2022\/12\/Emmerberg2021-1-scaled-e1669911062746-300x169.jpg 300w, https:\/\/seniorenverein-schwarzenberg.ch\/wp-content\/uploads\/2022\/12\/Emmerberg2021-1-scaled-e1669911062746-768x432.jpg 768w, https:\/\/seniorenverein-schwarzenberg.ch\/wp-content\/uploads\/2022\/12\/Emmerberg2021-1-scaled-e1669911062746.jpg 800w\" sizes=\"auto, (max-width: 300px) 100vw, 300px\" \/> &nbsp;<img loading=\"lazy\" decoding=\"async\" class=\"alignnone wp-image-459 size-medium\" src=\"https:\/\/seniorenverein-schwarzenberg.ch\/wp-content\/uploads\/2022\/12\/2017-06-19-14.30.00-scaled-e1669910885661-300x169.jpg\" alt=\"\" width=\"300\" height=\"169\" srcset=\"https:\/\/seniorenverein-schwarzenberg.ch\/wp-content\/uploads\/2022\/12\/2017-06-19-14.30.00-scaled-e1669910885661-300x169.jpg 300w, https:\/\/seniorenverein-schwarzenberg.ch\/wp-content\/uploads\/2022\/12\/2017-06-19-14.30.00-scaled-e1669910885661-768x432.jpg 768w, https:\/\/seniorenverein-schwarzenberg.ch\/wp-content\/uploads\/2022\/12\/2017-06-19-14.30.00-scaled-e1669910885661.jpg 800w\" sizes=\"auto, (max-width: 300px) 100vw, 300px\" \/><br \/>\nSchon vor 60 Jahren wusste man, dass Gemeinschaft und Gem\u00fctlichkeit f\u00fcr alle Altersgruppen, besonders auch f\u00fcr Seniorinnen und Senioren wichtig sind.<br \/>\nSo wurde am 17. Dezember 1961 der Altersverein Schwarzenberg gegr\u00fcndet. Gr\u00fcndungspr\u00e4sident war Josef Fluder, Schwanden, Anton Burri, Furtig amtete als Kassier und Xaver Schr\u00f6ter, Ennenmatt als Aktuar. Der Zweck des Vereins war schon damals die Pflege der Geselligkeit. Jassen stand im Mittelpunkt der Vereinsaktivit\u00e4ten. Neben Wanderungen durfte aber auch die Vereinsreise nicht fehlen. Bereits 1962 f\u00fchrte die erste Reise auf den Glaubenberg zur Alp Ebenmatt. Manch lustiges M\u00fcsterlein kann von diesen Reisen erz\u00e4hlt werden. Sie sind auch zu finden in der Festschrift von 2011, welche Max Eder zum 50-Jahr-Jubil\u00e4um verfasst hat. Den Vorst\u00e4nden war es in all den vergangenen Jahren ein grosses Anliegen, immer zu neuen Zielen aufzubrechen, also fast 60 Reisen ohne Wiederholungen. In alle Himmelsrichtungen, nach Malbun und Melide, zum Weissenstein und nach Disentis brachen die Schwarzenberger Seniorinnen und Senioren auf und f\u00fcr viele f\u00fchrten sie immer wieder an unbekannte Orte. In besonderer Erinnerung blieb wohl die Reise 2006 nach Elm, wo Skik\u00f6nigin Vreni Scheider als \u00dcberraschungsgast auftrat.<\/p>\n<p><strong>Neuer Name und Frauen als Mitglieder<br \/>\n<\/strong>Dass der Name Altersverein nicht mehr zeitgem\u00e4ss sei, das war dem Vorstand bewusst. Dementsprechend genehmigten die Mitglieder an der Generalversammlung 1989 den Namenswechsel zu Seniorenverein Schwarzenberg.<br \/>\nBei der Gr\u00fcndung des Vereins konnten nur M\u00e4nner Mitglied werden. Nach einigen Anl\u00e4ufen war es 1998 soweit, dass auch Frauen aufgenommen wurden. Als Folge davon stieg die Mitgliederzahl schlagartig von 21 auf 62.<br \/>\n<img loading=\"lazy\" decoding=\"async\" class=\"alignnone wp-image-467 size-medium\" src=\"https:\/\/seniorenverein-schwarzenberg.ch\/wp-content\/uploads\/2022\/12\/IMG-20210427-WA0011-neu-300x169.jpg\" alt=\"\" width=\"300\" height=\"169\" srcset=\"https:\/\/seniorenverein-schwarzenberg.ch\/wp-content\/uploads\/2022\/12\/IMG-20210427-WA0011-neu-300x169.jpg 300w, https:\/\/seniorenverein-schwarzenberg.ch\/wp-content\/uploads\/2022\/12\/IMG-20210427-WA0011-neu-1024x576.jpg 1024w, https:\/\/seniorenverein-schwarzenberg.ch\/wp-content\/uploads\/2022\/12\/IMG-20210427-WA0011-neu-768x432.jpg 768w, https:\/\/seniorenverein-schwarzenberg.ch\/wp-content\/uploads\/2022\/12\/IMG-20210427-WA0011-neu-1536x864.jpg 1536w, https:\/\/seniorenverein-schwarzenberg.ch\/wp-content\/uploads\/2022\/12\/IMG-20210427-WA0011-neu.jpg 1600w\" sizes=\"auto, (max-width: 300px) 100vw, 300px\" \/>&nbsp; <img loading=\"lazy\" decoding=\"async\" class=\"alignnone wp-image-460 size-medium\" style=\"font-size: 1rem;\" src=\"https:\/\/seniorenverein-schwarzenberg.ch\/wp-content\/uploads\/2022\/12\/20210427_145414-scaled-e1669911034883-300x169.jpg\" alt=\"\" width=\"300\" height=\"169\" srcset=\"https:\/\/seniorenverein-schwarzenberg.ch\/wp-content\/uploads\/2022\/12\/20210427_145414-scaled-e1669911034883-300x169.jpg 300w, https:\/\/seniorenverein-schwarzenberg.ch\/wp-content\/uploads\/2022\/12\/20210427_145414-scaled-e1669911034883-768x433.jpg 768w, https:\/\/seniorenverein-schwarzenberg.ch\/wp-content\/uploads\/2022\/12\/20210427_145414-scaled-e1669911034883.jpg 800w\" sizes=\"auto, (max-width: 300px) 100vw, 300px\" \/><br \/>\n<strong>Gemeinschaft heute besonders wichtig<br \/>\n<\/strong>F\u00fcr den heutigen Vorstand, unter der Leitung von Ruth Fuchs sind Gemeinschaft und Geselligkeit nach wie vor von grosser Bedeutung. So findet monatlich ein Jassh\u00f6ck statt. In ganz unterschiedlicher Zusammensetzung wird eifrig gejasst, wobei die Gem\u00fctlichkeit aber nie zu kurz kommt.<br \/>\nEinmal pro Monat organisieren verschiedene Wanderleiterinnen und Leiter eine Wanderung, entweder als Halb- oder Ganztageswanderung in verschiedenen Varianten, so dass m\u00f6glichst viele teilnehmen k\u00f6nnen. Zudem treffen wir uns von April bis Oktober monatlich zu einem Spaziergang. Hoch gehalten wird auch die Tradition der j\u00e4hrlichen Reise. Immer wieder werden neue Ziele anvisiert.<\/p>\n<p>Haben wir Sie \u201egluschtig\u201c gemacht, so melden Sie sich doch bei einem der Vorstandsmitglieder (Ruth Fuchs, Margrit Zurkirchen,&nbsp; Beat Fuchs),&nbsp; per Mail unter: info(at)seniorenverein-schwarzenberg.ch oder nehmen Sie ganz unverbindlich an einem der Anl\u00e4sse teil. Die Daten sind hier unter <a href=\"https:\/\/seniorenverein-schwarzenberg.ch\/index.php\/agenda\/\">Agenda<\/a> und auf der <a href=\"https:\/\/schwarzenberg.ch\/leben-arbeiten\/aktuelles-termine\" target=\"_blank\" rel=\"noopener\">Webseite der Gemeinde<\/a> aufgef\u00fchrt. Wir freuen uns auf Sie!<\/p>\n<p><a href=\"https:\/\/seniorenverein-schwarzenberg.ch\/wp-content\/uploads\/2024\/05\/Informationen-fuer-Neumitglieder.pdf\" target=\"_blank\" rel=\"noopener\">Informationen fu\u0308r Neumitglieder<\/a><\/p>\n","protected":false},"excerpt":{"rendered":"<p>&nbsp; Schon vor 60 Jahren wusste man, dass Gemeinschaft und Gem\u00fctlichkeit f\u00fcr alle Altersgruppen, besonders auch f\u00fcr Seniorinnen und Senioren wichtig sind. So wurde am 17. Dezember 1961 der Altersverein Schwarzenberg gegr\u00fcndet. Gr\u00fcndungspr\u00e4sident war Josef Fluder, Schwanden, Anton Burri, Furtig amtete als Kassier und Xaver Schr\u00f6ter, Ennenmatt als Aktuar. Der Zweck des Vereins war schon &hellip; <\/p>\n<p class=\"link-more\"><a href=\"https:\/\/seniorenverein-schwarzenberg.ch\/index.php\/verein\/\" class=\"more-link\"><span class=\"screen-reader-text\">\u201eVerein\u201c <\/span>weiterlesen<\/a><\/p>\n","protected":false},"author":1,"featured_media":0,"parent":0,"menu_order":0,"comment_status":"closed","ping_status":"closed","template":"","meta":{"ngg_post_thumbnail":0,"footnotes":""},"class_list":["post-182","page","type-page","status-publish","hentry"],"_links":{"self":[{"href":"https:\/\/seniorenverein-schwarzenberg.ch\/index.php\/wp-json\/wp\/v2\/pages\/182","targetHints":{"allow":["GET"]}}],"collection":[{"href":"https:\/\/seniorenverein-schwarzenberg.ch\/index.php\/wp-json\/wp\/v2\/pages"}],"about":[{"href":"https:\/\/seniorenverein-schwarzenberg.ch\/index.php\/wp-json\/wp\/v2\/types\/page"}],"author":[{"embeddable":true,"href":"https:\/\/seniorenverein-schwarzenberg.ch\/index.php\/wp-json\/wp\/v2\/users\/1"}],"replies":[{"embeddable":true,"href":"https:\/\/seniorenverein-schwarzenberg.ch\/index.php\/wp-json\/wp\/v2\/comments?post=182"}],"version-history":[{"count":42,"href":"https:\/\/seniorenverein-schwarzenberg.ch\/index.php\/wp-json\/wp\/v2\/pages\/182\/revisions"}],"predecessor-version":[{"id":1228,"href":"https:\/\/seniorenverein-schwarzenberg.ch\/index.php\/wp-json\/wp\/v2\/pages\/182\/revisions\/1228"}],"wp:attachment":[{"href":"https:\/\/seniorenverein-schwarzenberg.ch\/index.php\/wp-json\/wp\/v2\/media?parent=182"}],"curies":[{"name":"wp","href":"https:\/\/api.w.org\/{rel}","templated":true}]}}

<p><img loading="lazy" decoding="async" class="alignnone wp-image-461 size-medium" src="https://seniorenverein-schwarzenberg.ch/wp-content/uploads/2022/12/Emmerberg2021-1-scaled-e1669911062746-300x169.jpg" alt="" width="300" height="169" srcset="https://seniorenverein-schwarzenberg.ch/wp-content/uploads/2022/12/Emmerberg2021-1-scaled-e1669911062746-300x169.jpg 300w, https://seniorenverein-schwarzenberg.ch/wp-content/uploads/2022/12/Emmerberg2021-1-scaled-e1669911062746-768x432.jpg 768w, https://seniorenverein-schwarzenberg.ch/wp-content/uploads/2022/12/Emmerberg2021-1-scaled-e1669911062746.jpg 800w" sizes="auto, (max-width: 300px) 100vw, 300px" /> &nbsp;<img loading="lazy" decoding="async" class="alignnone wp-image-459 size-medium" src="https://seniorenverein-schwarzenberg.ch/wp-content/uploads/2022/12/2017-06-19-14.30.00-scaled-e1669910885661-300x169.jpg" alt="" width="300" height="169" srcset="https://seniorenverein-schwarzenberg.ch/wp-content/uploads/2022/12/2017-06-19-14.30.00-scaled-e1669910885661-300x169.jpg 300w, https://seniorenverein-schwarzenberg.ch/wp-content/uploads/2022/12/2017-06-19-14.30.00-scaled-e1669910885661-768x432.jpg 768w, https://seniorenverein-schwarzenberg.ch/wp-content/uploads/2022/12/2017-06-19-14.30.00-scaled-e1669910885661.jpg 800w" sizes="auto, (max-width: 300px) 100vw, 300px" /><br />
Schon vor 60 Jahren wusste man, dass Gemeinschaft und Gemütlichkeit für alle Altersgruppen, besonders auch für Seniorinnen und Senioren wichtig sind.<br />
So wurde am 17. Dezember 1961 der Altersverein Schwarzenberg gegründet. Gründungspräsident war Josef Fluder, Schwanden, Anton Burri, Furtig amtete als Kassier und Xaver Schröter, Ennenmatt als Aktuar. Der Zweck des Vereins war schon damals die Pflege der Geselligkeit. Jassen stand im Mittelpunkt der Vereinsaktivitäten. Neben Wanderungen durfte aber auch die Vereinsreise nicht fehlen. Bereits 1962 führte die erste Reise auf den Glaubenberg zur Alp Ebenmatt. Manch lustiges Müsterlein kann von diesen Reisen erzählt werden. Sie sind auch zu finden in der Festschrift von 2011, welche Max Eder zum 50-Jahr-Jubiläum verfasst hat. Den Vorständen war es in all den vergangenen Jahren ein grosses Anliegen, immer zu neuen Zielen aufzubrechen, also fast 60 Reisen ohne Wiederholungen. In alle Himmelsrichtungen, nach Malbun und Melide, zum Weissenstein und nach Disentis brachen die Schwarzenberger Seniorinnen und Senioren auf und für viele führten sie immer wieder an unbekannte Orte. In besonderer Erinnerung blieb wohl die Reise 2006 nach Elm, wo Skikönigin Vreni Scheider als Überraschungsgast auftrat.</p>
<p><strong>Neuer Name und Frauen als Mitglieder<br />
</strong>Dass der Name Altersverein nicht mehr zeitgemäss sei, das war dem Vorstand bewusst. Dementsprechend genehmigten die Mitglieder an der Generalversammlung 1989 den Namenswechsel zu Seniorenverein Schwarzenberg.<br />
Bei der Gründung des Vereins konnten nur Männer Mitglied werden. Nach einigen Anläufen war es 1998 soweit, dass auch Frauen aufgenommen wurden. Als Folge davon stieg die Mitgliederzahl schlagartig von 21 auf 62.<br />
<img loading="lazy" decoding="async" class="alignnone wp-image-467 size-medium" src="https://seniorenverein-schwarzenberg.ch/wp-content/uploads/2022/12/IMG-20210427-WA0011-neu-300x169.jpg" alt="" width="300" height="169" srcset="https://seniorenverein-schwarzenberg.ch/wp-content/uploads/2022/12/IMG-20210427-WA0011-neu-300x169.jpg 300w, https://seniorenverein-schwarzenberg.ch/wp-content/uploads/2022/12/IMG-20210427-WA0011-neu-1024x576.jpg 1024w, https://seniorenverein-schwarzenberg.ch/wp-content/uploads/2022/12/IMG-20210427-WA0011-neu-768x432.jpg 768w, https://seniorenverein-schwarzenberg.ch/wp-content/uploads/2022/12/IMG-20210427-WA0011-neu-1536x864.jpg 1536w, https://seniorenverein-schwarzenberg.ch/wp-content/uploads/2022/12/IMG-20210427-WA0011-neu.jpg 1600w" sizes="auto, (max-width: 300px) 100vw, 300px" />&nbsp; <img loading="lazy" decoding="async" class="alignnone wp-image-460 size-medium" style="font-size: 1rem;" src="https://seniorenverein-schwarzenberg.ch/wp-content/uploads/2022/12/20210427_145414-scaled-e1669911034883-300x169.jpg" alt="" width="300" height="169" srcset="https://seniorenverein-schwarzenberg.ch/wp-content/uploads/2022/12/20210427_145414-scaled-e1669911034883-300x169.jpg 300w, https://seniorenverein-schwarzenberg.ch/wp-content/uploads/2022/12/20210427_145414-scaled-e1669911034883-768x433.jpg 768w, https://seniorenverein-schwarzenberg.ch/wp-content/uploads/2022/12/20210427_145414-scaled-e1669911034883.jpg 800w" sizes="auto, (max-width: 300px) 100vw, 300px" /><br />
<strong>Gemeinschaft heute besonders wichtig<br />
</strong>Für den heutigen Vorstand, unter der Leitung von Ruth Fuchs sind Gemeinschaft und Geselligkeit nach wie vor von grosser Bedeutung. So findet monatlich ein Jasshöck statt. In ganz unterschiedlicher Zusammensetzung wird eifrig gejasst, wobei die Gemütlichkeit aber nie zu kurz kommt.<br />
Einmal pro Monat organisieren verschiedene Wanderleiterinnen und Leiter eine Wanderung, entweder als Halb- oder Ganztageswanderung in verschiedenen Varianten, so dass möglichst viele teilnehmen können. Zudem treffen wir uns von April bis Oktober monatlich zu einem Spaziergang. Hoch gehalten wird auch die Tradition der jährlichen Reise. Immer wieder werden neue Ziele anvisiert.</p>
<p>Haben wir Sie „gluschtig“ gemacht, so melden Sie sich doch bei einem der Vorstandsmitglieder (Ruth Fuchs, Margrit Zurkirchen,&nbsp; Beat Fuchs),&nbsp; per Mail unter: info(at)seniorenverein-schwarzenberg.ch oder nehmen Sie ganz unverbindlich an einem der Anlässe teil. Die Daten sind hier unter <a href="https://seniorenverein-schwarzenberg.ch/index.php/agenda/">Agenda</a> und auf der <a href="https://schwarzenberg.ch/leben-arbeiten/aktuelles-termine" target="_blank" rel="noopener">Webseite der Gemeinde</a> aufgeführt. Wir freuen uns auf Sie!</p>
<p><a href="https://seniorenverein-schwarzenberg.ch/wp-content/uploads/2024/05/Informationen-fuer-Neumitglieder.pdf" target="_blank" rel="noopener">Informationen für Neumitglieder</a></p>

<p>&nbsp; Schon vor 60 Jahren wusste man, dass Gemeinschaft und Gemütlichkeit für alle Altersgruppen, besonders auch für Seniorinnen und Senioren wichtig sind. So wurde am 17. Dezember 1961 der Altersverein Schwarzenberg gegründet. Gründungspräsident war Josef Fluder, Schwanden, Anton Burri, Furtig amtete als Kassier und Xaver Schröter, Ennenmatt als Aktuar. Der Zweck des Vereins war schon &hellip; </p>
<p class="link-more"><a href="https://seniorenverein-schwarzenberg.ch/index.php/verein/" class="more-link"><span class="screen-reader-text">„Verein“ </span>weiterlesen</a></p>
